{"id":98,"date":"2025-08-07T15:16:21","date_gmt":"2025-08-07T13:16:21","guid":{"rendered":"https:\/\/photographie-vallon.com\/?page_id=98"},"modified":"2025-08-08T10:51:38","modified_gmt":"2025-08-08T08:51:38","slug":"nous-soutenir","status":"publish","type":"page","link":"https:\/\/photographie-vallon.com\/index.php\/nous-soutenir\/","title":{"rendered":"Nous soutenir"},"content":{"rendered":"\t\t<div data-elementor-type=\"wp-page\" data-elementor-id=\"98\" class=\"elementor elementor-98\" data-elementor-post-type=\"page\">\n\t\t\t\t<div class=\"elementor-element elementor-element-acca85e e-flex e-con-boxed e-con e-parent\" data-id=\"acca85e\" data-element_type=\"container\">\n\t\t\t\t\t<div class=\"e-con-inner\">\n\t\t\t\t<div class=\"elementor-element elementor-element-b5067b5 elementor-widget elementor-widget-spacer\" data-id=\"b5067b5\" data-element_type=\"widget\" data-widget_type=\"spacer.default\">\n\t\t\t\t<div class=\"elementor-widget-container\">\n\t\t\t\t\t\t\t<div class=\"elementor-spacer\">\n\t\t\t<div class=\"elementor-spacer-inner\"><\/div>\n\t\t<\/div>\n\t\t\t\t\t\t<\/div>\n\t\t\t\t<\/div>\n\t\t\t\t<div class=\"elementor-element elementor-element-622522c elementor-widget elementor-widget-image\" data-id=\"622522c\" data-element_type=\"widget\" data-widget_type=\"image.default\">\n\t\t\t\t<div class=\"elementor-widget-container\">\n\t\t\t\t\t\t\t\t\t\t\t\t\t\t\t<img decoding=\"async\" width=\"300\" height=\"78\" src=\"https:\/\/photographie-vallon.com\/wp-content\/uploads\/2024\/11\/Logo_ADPV-300x78.png\" class=\"attachment-medium size-medium wp-image-12\" alt=\"\" srcset=\"https:\/\/photographie-vallon.com\/wp-content\/uploads\/2024\/11\/Logo_ADPV-300x78.png 300w, https:\/\/photographie-vallon.com\/wp-content\/uploads\/2024\/11\/Logo_ADPV.png 556w\" sizes=\"(max-width: 300px) 100vw, 300px\" \/>\t\t\t\t\t\t\t\t\t\t\t\t\t\t\t<\/div>\n\t\t\t\t<\/div>\n\t\t\t\t<div class=\"elementor-element elementor-element-c89360d elementor-widget elementor-widget-spacer\" data-id=\"c89360d\" data-element_type=\"widget\" data-widget_type=\"spacer.default\">\n\t\t\t\t<div class=\"elementor-widget-container\">\n\t\t\t\t\t\t\t<div class=\"elementor-spacer\">\n\t\t\t<div class=\"elementor-spacer-inner\"><\/div>\n\t\t<\/div>\n\t\t\t\t\t\t<\/div>\n\t\t\t\t<\/div>\n\t\t\t\t<div class=\"elementor-element elementor-element-8aa1f0c elementor-widget elementor-widget-heading\" data-id=\"8aa1f0c\" data-element_type=\"widget\" data-widget_type=\"heading.default\">\n\t\t\t\t<div class=\"elementor-widget-container\">\n\t\t\t\t\t<h2 class=\"elementor-heading-title elementor-size-default\">RENSEIGNEMENTS ET ADH\u00c9SION :<\/h2>\t\t\t\t<\/div>\n\t\t\t\t<\/div>\n\t\t\t\t<div class=\"elementor-element elementor-element-fc4cdf6 elementor-widget elementor-widget-text-editor\" data-id=\"fc4cdf6\" data-element_type=\"widget\" data-widget_type=\"text-editor.default\">\n\t\t\t\t<div class=\"elementor-widget-container\">\n\t\t\t\t\t\t\t\t\t<div class=\"elementor-element elementor-element-3147aac elementor-widget elementor-widget-text-editor\" style=\"gap: var(--row-gap) var(--column-gap); font-size: 15px; width: 1120px; margin-block-end: 20px; caret-color: #363434; color: #363434;\" data-id=\"3147aac\" data-element_type=\"widget\" data-widget_type=\"text-editor.default\"><div class=\"elementor-widget-container\" style=\"transition: background .3s,border .3s,border-radius .3s,box-shadow .3s,transform var(--e-transform-transition-duration,.4s);\"><p style=\"margin-bottom: 12px;\">Le formulaire d\u2019adh\u00e9sion est disponible \u00e0 l\u2019accueil du Centre photographique est t\u00e9l\u00e9chargeable <a href=\"https:\/\/photographie-vallon.com\/wp-content\/uploads\/2025\/08\/Bulletin-Adhesion-A5.pdf\" target=\"_blank\" rel=\"noopener\"><strong>ici<\/strong><\/a><\/p><p style=\"margin-bottom: 12px;\">Association du D\u00e9veloppement de la Photographie dans le Vallon \u2013 MH\u00f4tel de ville &#8211; \u00a012 330 MARCILLAC VALLON<\/p><\/div><\/div><div class=\"elementor-element elementor-element-7223338 elementor-widget elementor-widget-text-editor\" style=\"gap: var(--row-gap) var(--column-gap); font-size: 15px; width: 1120px; margin-bottom: var(--kit-widget-spacing,20px); margin-block-end: 20px; caret-color: #363434; color: #363434;\" data-id=\"7223338\" data-element_type=\"widget\" data-widget_type=\"text-editor.default\"><div class=\"elementor-widget-container\" style=\"transition: background .3s,border .3s,border-radius .3s,box-shadow .3s,transform var(--e-transform-transition-duration,.4s); margin: 0px; padding: 0px 0px 0px 50px;\"><p style=\"margin-bottom: 12px;\">PR\u00c9SIDENT\u00a0:\u00a0Yannick LENOIR<br \/>TR\u00c9SORIER\u00a0:\u00a0St\u00e9phane SICHI<br \/>SECR\u00c9TAIRE\u00a0:\u00a0Carmen ROYER<\/p><\/div><\/div>\t\t\t\t\t\t\t\t<\/div>\n\t\t\t\t<\/div>\n\t\t\t\t<div class=\"elementor-element elementor-element-4e22225 elementor-widget elementor-widget-shortcode\" data-id=\"4e22225\" data-element_type=\"widget\" data-widget_type=\"shortcode.default\">\n\t\t\t\t<div class=\"elementor-widget-container\">\n\t\t\t\t\t\t\t<div class=\"elementor-shortcode\"><iframe id=\"haWidget\" allowtransparency=\"true\" src=\"https:\/\/www.helloasso.com\/associations\/association-de-developpement-de-la-photographie-dans-le-vallon\/adhesions\/adhesion-2025\/widget\" style=\"width: 100%; border: none;\" onload=\"window.addEventListener( 'message', e => { const dataHeight = e.data.height; const haWidgetElement = document.getElementById('haWidget'); haWidgetElement.height = dataHeight + 'px'; } )\" ><\/iframe>\n<\/div>\n\t\t\t\t\t\t<\/div>\n\t\t\t\t<\/div>\n\t\t\t\t\t<\/div>\n\t\t\t\t<\/div>\n\t\t\t\t<\/div>\n\t\t","protected":false},"excerpt":{"rendered":"<p>RENSEIGNEMENTS ET ADH\u00c9SION : Le formulaire d\u2019adh\u00e9sion est disponible \u00e0 l\u2019accueil du Centre photographique est t\u00e9l\u00e9chargeable ici Association du D\u00e9veloppement de la Photographie dans le Vallon \u2013 MH\u00f4tel de ville &#8211; \u00a012 330 MARCILLAC VALLON PR\u00c9SIDENT\u00a0:\u00a0Yannick LENOIRTR\u00c9SORIER\u00a0:\u00a0St\u00e9phane SICHISECR\u00c9TAIRE\u00a0:\u00a0Carmen ROYER<\/p>\n","protected":false},"author":1,"featured_media":0,"parent":0,"menu_order":0,"comment_status":"closed","ping_status":"closed","template":"","meta":{"footnotes":""},"class_list":["post-98","page","type-page","status-publish","hentry"],"_links":{"self":[{"href":"https:\/\/photographie-vallon.com\/index.php\/wp-json\/wp\/v2\/pages\/98","targetHints":{"allow":["GET"]}}],"collection":[{"href":"https:\/\/photographie-vallon.com\/index.php\/wp-json\/wp\/v2\/pages"}],"about":[{"href":"https:\/\/photographie-vallon.com\/index.php\/wp-json\/wp\/v2\/types\/page"}],"author":[{"embeddable":true,"href":"https:\/\/photographie-vallon.com\/index.php\/wp-json\/wp\/v2\/users\/1"}],"replies":[{"embeddable":true,"href":"https:\/\/photographie-vallon.com\/index.php\/wp-json\/wp\/v2\/comments?post=98"}],"version-history":[{"count":19,"href":"https:\/\/photographie-vallon.com\/index.php\/wp-json\/wp\/v2\/pages\/98\/revisions"}],"predecessor-version":[{"id":303,"href":"https:\/\/photographie-vallon.com\/index.php\/wp-json\/wp\/v2\/pages\/98\/revisions\/303"}],"wp:attachment":[{"href":"https:\/\/photographie-vallon.com\/index.php\/wp-json\/wp\/v2\/media?parent=98"}],"curies":[{"name":"wp","href":"https:\/\/api.w.org\/{rel}","templated":true}]}}